 of 32 and r.
32
Let r(z) = z**2 + 3*z - 1. Suppose 103 - 23 = 4*x. Suppose k + 13 + 12 = -4*c, x = c - 5*k. Let f be r(c). What is the greatest common factor of f and 36?
9
Suppose -4*n - 21 = -7*n. Let c = -40 + -25. Let r = c - -121. What is the highest common factor of n and r?
7
Let r = 41 + 1. Calculate the highest common divisor of r and 18.
6
Let r be ((-3)/9)/((-1)/3). Let p be (r*(-14 + -3))/(-1). What is the greatest common divisor of p and 136?
17
Let t(i) = -i + 13. Let g be t(0). Let m be g + (12/(-3))/(-2). What is the highest common factor of m and 5?
5
Suppose 2*h = -3*b + 63, 2*b + h + 21 = 3*b. Suppose -5*s - 2 = -22. Suppose -8 = -s*x, 5*y - 3*x + 0*x = 64. Calculate the greatest common factor of b and y.
7
Let q = 118 + 47. Let m be ((-12)/(-15))/(6/q). Let f be (-2)/(-6) + 329/3. What is the highest common factor of f and m?
22
Let k(d) be the third derivative of d**4/8 + d**3/6 - 5*d**2. Let i be (-1)/(1*(-1 - 0)). Let o be k(i). What is the greatest common divisor of o and 1?
1
Let l = 12 + 3. What is the greatest common factor of l and 165?
15
Suppose -3*i + 4*x + 132 = 0, -3*i + 246 = 2*i + 2*x. Suppose -i + 8 = -2*f. What is the greatest common divisor of f and 140?
20
Let k(v) = -v**3 + 10*v**2 + v - 6. Let w be k(10). Suppose w*r = 6*r - 10. What is the highest common divisor of r and 5?
5
Let a(f) = 3*f - 2. Let u be a(8). What is the greatest common factor of u and 2?
2
Let x(f) = f**3 - 26*f**2 - 27*f + 25. Let k be x(27). Let w = -3 + 5. Suppose -30 = -n - w*n. What is the highest common factor of k and n?
5
Let a be ((-4)/8)/((-1)/6). Suppose 0 = -3*k - a*r + r + 202, -2*r = -5*k + 342. What is the highest common divisor of k and 17?
17
Let t(s) = s**2 + 15*s - 4. Let c be t(-8). Let v = -25 - c. Calculate the highest common factor of 14 and v.
7
Let u be ((-1190)/(-15))/7 - (-4)/6. Suppose 0 = -3*s + 12. What is the greatest common divisor of u and s?
4
Suppose 3*q - 10 = q. Let j = 6 + 29. What is the greatest common divisor of q and j?
5
Let x(c) = -28*c - 22. Let d be x(-4). What is the highest common factor of 36 and d?
18
Let j be (0 - (0 - 173))/1. Let w = j + -103. What is the greatest common divisor of w and 10?
10
Let w be (-6)/1*(-2)/4. Suppose l - 8 = -2*i, -4*l = -i - w*l + 7. Calculate the greatest common divisor of i and 5.
5
Let r be (-45)/18*(2 - 10). What is the greatest common factor of 80 and r?
20
Let k = 10 - 0. Calculate the greatest common divisor of k and 20.
10
Let m(x) = 31*x**2 - 3*x + 1. Let h be m(5). Suppose -3*d = -5*q + h, -q - 2*q + 5*d + 447 = 0. Calculate the highest common factor of 14 and q.
14
Let h(v) = -5*v - 34. Let m be h(-14). What is the highest common divisor of 9 and m?
9
Suppose -9 = 3*g - 15. Suppose g*p - 26 = -0*p. Calculate the highest common divisor of p and 13.
13
Suppose 8 = -5*w - 2, -137 = -5*m + w. Let c = m + -12. Calculate the highest common factor of 10 and c.
5
Let k = 9 + -4. Suppose 0 = 2*o - 5 - 3. Suppose -27 = o*l - k*l. What is the highest common divisor of 18 and l?
9
Suppose 3*i - 15 = 0, -2*p + i + 46 = 5*i. Calculate the highest common divisor of 13 and p.
13
Let a(z) = 6 + 23*z - 13 + 2. Let k be a(-7). Let f be k/(-10) + 2/5. What is the highest common factor of f and 187?
17
Suppose n = -4*m + 95, 5*m - 116 = -3*n + 176. Suppose -8 - 2 = 5*y. Let z be y/(-6) - 78/(-9). Calculate the highest common factor of z and n.
9
Suppose -k + 23 = -0*k + 5*l, -k - 4*l + 24 = 0. Calculate the greatest common divisor of k and 42.
14
Let q(k) = -k**2 + 5*k - 2. Let i be q(5). Let u be (1 - -2) + i + 2. Let d be (-18)/(2 - (-16)/(-6)). What is the greatest common divisor of d and u?
3
Suppose w + 3 - 7 = 3*y, 0 = 3*w - 3*y - 18. What is the greatest common divisor of 35 and w?
7
Let k(i) = -i**3 - 6*i**2 - 2*i - 6. Let b be k(-6). Suppose b*j = j + 5, 2*j = -5*a + 277. Calculate the highest common divisor of a and 5.
5
Suppose t + 2*t - 24 = 0. Suppose l = t - 3. Let f = -14 + 49. Calculate the highest common divisor of f and l.
5
Suppose 0 = 3*f - 5*h - 62, 0*f + 3*f + 2*h - 76 = 0. Let z = 86 + -50. Calculate the highest common factor of z and f.
12
Suppose -4*x + 0*m = m - 122, -m = -x + 28. Calculate the greatest common divisor of 75 and x.
15
Suppose q - 3*q = -2. Let g be (-1 + -3 - -6)*(-6)/(-4). Calculate the highest common divisor of g and q.
1
Let w = 114 + -102. Suppose -5*m + 43 + 144 = 4*c, -2*m + 190 = 4*c. What is the highest common divisor of c and w?
12
Suppose 2*f + 0*j + j = 26, 5*j = 0. What is the greatest common divisor of 13 and f?
13
Let b be ((-24)/9 + 3)*0. Suppose 114 = f + 2*a - 5*a, 4*f - 3*a - 429 = b. Calculate the greatest common divisor of 21 and f.
21
Let q be (-2)/(-4)*(11 + 31). Calculate the greatest common factor of q and 12.
3
Let s = 3 - 2. Let h(c) = -c**2 - 12*c - 15. Let y = -5 + -5. Let b be h(y). Calculate the highest common divisor of s and b.
1
Suppose 3*a - n = -0*n + 68, -5*a + 95 = 2*n. Calculate the highest common factor of a and 231.
21
Let y(w) = 6*w + 1. Let d be y(2). Suppose -4*g + 441 = -5*x, 2*g - 3*g - 5*x + 79 = 0. Calculate the greatest common divisor of g and d.
13
Let i be ((-15)/(-5) - 8)*4/(-5). Calculate the greatest common factor of i and 2.
2
Let h(a) = -97*a - 2. Let i be h(-2). Suppose 0 = -6*q + 4*q + r + 44, 40 = 2*q - 2*r. What is the greatest common divisor of q and i?
24
Let v = 47 - 5. What is the highest common factor of v and 21?
21
Let u(q) = -q**3 - 5*q**2 + 3. Let x be u(-5). Suppose 2*p - 2 = 0, -5*t - x*p + 729 - 96 = 0. Calculate the greatest common factor of 14 and t.
14
Let n be 1/(-4) - 122/(-8). Let k(r) = -r**3 + 4*r**2 - 2*r. Let o be k(3). Suppose o*i = -i + 240. What is the greatest common divisor of i and n?
15
Suppose n = -4*n. Suppose a + 0*a - 55 = n. Let f be 4/10 + (-46)/(-10). What is the highest common divisor of f and a?
5
Let q = 87 + -50. Suppose 0 = -5*k + m + q, -6*k - 3*m = -2*k - 41. Let d = k - -4. What is the greatest common factor of d and 6?
6
Suppose -6*n = -2*n. Suppose -2*g - k + 3 = 0, -2 + 0 = 2*k. Suppose n*c + 50 = g*c. Calculate the greatest common factor of c and 10.
5
Suppose 0 = 5*f - j - 2*j - 37, 0 = -5*j - 20. Suppose f*v - 10 = 0, 4*v + 0*v = 2*y - 172. Calculate the greatest common factor of 10 and y.
10
Suppose -2*a + 18 = i, 0 = -4*a + 3*i + 11 + 5. Let g = -3 - -10. What is the greatest common factor of g and a?
7
Suppose -4*v + 39 = 2*n - 3*v, -n + 3*v = -23. Let b(m) = -63*m + 3. Let t be b(-3). Suppose -612 = -3*q - t. What is the highest common factor of q and n?
20
Let j be 972/30 + (1 - (-14)/(-10)). What is the greatest common factor of j and 160?
32
Let z = -18 - -34. What is the greatest common factor of 32 and z?
16
Suppose j + 2*j = 507. Let h = j - -7. Calculate the highest common divisor of h and 16.
16
Let v(h) = -h**3 - 8*h**2 - h - 3. Let d be v(-6). Let p = -9 - d. Let q be ((-3)/(-4))/((-1)/(-32)). Calculate the highest common factor of q and p.
12
Let c be 1*(-1)/(-1)*17. Let l = -7 + c. Calculate the highest common factor of 10 and l.
10
Let p(i) be the second derivative of -3/2*i**2 + 3*i - 25/6*i**3 + 0. Let z be p(-3). What is the highest common divisor of z and 9?
9
Let l = -3 + 5. Suppose 4*s - 8 = 3*q + l, 8 = 4*q. What is the greatest common divisor of 8 and s?
4
Let v(h) = h**3 - h - 6. Let a be v(4). Suppose -4*y - 3*f + 6 = -y, 22 = 3*y - f. What is the highest common factor of y and a?
6
Let f(z) = -7*z - 93. Let l be f(-15). Suppose 29 = 3*i + 4*d, 2*i + 4*d - d - 21 = 0. What is the greatest common divisor of i and l?
3
Suppose 5*g - 220 = -2*u, -u - 199 = -4*g + 2*u. Suppose -5*h = 20, 2*p - 4*h - g = h. What is the greatest common divisor of 26 and p?
13
Let v be (0 + 3/(-9))*-3. Let x be 228/4*(2 - v). Let b = x - 27. Calculate the greatest common divisor of b and 10.
10
Suppose 2*p = 3*i - 11, -i - 2*p = -7*p + 18. What is the greatest common factor of i and 77?
7
Let a(s) = -s + 7. Let m be a(5). Suppose 4*v = -o + 43, m*o + 5*v = 40 + 40. What is the highest common divisor of 5 and o?
5
Suppose 2*t - 433 - 921 = 0. Suppose 0 = j - h + 2*h - 133, h - t = -5*j. Calculate the greatest common factor of j and 17.
17
Let o(i) be the second derivative of i**5/20 + i**4/2 - 7*i**3/6 + 2*i*